{"id":9266,"date":"2026-02-18T15:33:05","date_gmt":"2026-02-18T14:33:05","guid":{"rendered":"https:\/\/www.bec-handball.fr\/BEC\/?page_id=9266"},"modified":"2026-02-18T17:33:26","modified_gmt":"2026-02-18T16:33:26","slug":"don","status":"publish","type":"page","link":"https:\/\/www.bec-handball.fr\/BEC\/don\/","title":{"rendered":"Faire un don"},"content":{"rendered":"<div class=\"flex_column av_one_fourth  flex_column_div av-zero-column-padding first  avia-builder-el-0  el_before_av_one_half  avia-builder-el-first  \" style='border-radius:0px; '><\/div>\n<div class=\"flex_column av_one_half  flex_column_div av-zero-column-padding   avia-builder-el-1  el_after_av_one_fourth  el_before_av_one_fourth  \" style='border-radius:0px; '><section class=\"av_textblock_section \"  itemscope=\"itemscope\" itemtype=\"https:\/\/schema.org\/CreativeWork\" ><div class='avia_textblock  '   itemprop=\"text\" ><h1 data-pm-slice=\"0 0 &#091;&#093;\"><strong>Un don, c&rsquo;est simple et utile \ud83d\udc4d<\/strong><\/h1>\n<ol>\n<li>vous faites un don<\/li>\n<li>nous vous envoyons un re\u00e7u fiscal<\/li>\n<li>vous b\u00e9n\u00e9ficiez d&rsquo;une r\u00e9duction d&rsquo;imp\u00f4t de 66% du montant de votre don<\/li>\n<\/ol>\n<p>En soutenant le BEC HANDBALL, vous aidez notre club \u00e0 :<\/p>\n<p>\ud83d\udc49 former les nouvelles g\u00e9n\u00e9rations de joueurs, d\u2019arbitres et d\u2019entra\u00eeneurs<\/p>\n<p>\ud83d\udc49 faire progresser chaque joueur \u00e0 son meilleur niveau<\/p>\n<p>\ud83d\udc49 f\u00e9d\u00e9rer les jeunes de notre quartier autour des valeurs sportives<\/p>\n<p>\ud83d\udc49 promouvoir des valeurs essentielles telles que la solidarit\u00e9, la combativit\u00e9 et le respect<\/p>\n<h3><strong>Chaque don compte, faites le v\u00f4tre d\u00e8s aujourd&rsquo;hui ! \ud83e\udef6<\/strong><\/h3>\n<\/div><\/section><\/div>\n<div class=\"flex_column av_one_fourth  flex_column_div av-zero-column-padding   avia-builder-el-3  el_after_av_one_half  el_before_av_one_full  \" style='border-radius:0px; '><\/div>\n<div class=\"flex_column av_one_full  flex_column_div av-zero-column-padding first  avia-builder-el-4  el_after_av_one_fourth  avia-builder-el-last  column-top-margin\" style='border-radius:0px; '><div  class='avia-button-wrap avia-button-center  avia-builder-el-5  avia-builder-el-no-sibling ' ><a href='https:\/\/www.helloasso.com\/associations\/bec-handball\/formulaires\/4' class='avia-button  avia-color-theme-color   avia-icon_select-yes-left-icon avia-size-large avia-position-center ' target=\"_blank\" rel=\"noopener\"><span class='avia_button_icon avia_button_icon_left ' aria-hidden='true' data-av_icon='\ue806' data-av_iconfont='entypo-fontello'><\/span><span class='avia_iconbox_title' >Page de don<\/span><\/a><\/div><\/div>\n","protected":false},"excerpt":{"rendered":"","protected":false},"author":25,"featured_media":0,"parent":0,"menu_order":0,"comment_status":"closed","ping_status":"closed","template":"","meta":{"footnotes":""},"class_list":["post-9266","page","type-page","status-publish","hentry"],"yoast_head":"<!-- This site is optimized with the Yoast SEO plugin v27.3 - https:\/\/yoast.com\/product\/yoast-seo-wordpress\/ -->\n<title>Faire un don - BEC-HANDBALL<\/title>\n<meta name=\"description\" content=\"Actualit\u00e9s de la section HANDBALL du BEC (Bordeaux \u00c9tudiants Club) La section handball du BEC (Bordeaux \u00c9tudiants Club) est l&#039;une des plus ancienne. \u00a0Elle a \u00e9t\u00e9 cr\u00e9\u00e9 par Nelson Paillou ancien pr\u00e9sident du CIO. \u00a0Nous avons un palmar\u00e8s \u00e9loquent : * 3 titres de championne de France, * 7 coupes d&#039;Europe, * 2 titres de coupe de France Venez participer \u00e0 nos prochains exploits\" \/>\n<meta name=\"robots\" content=\"index, follow, max-snippet:-1, max-image-preview:large, max-video-preview:-1\" \/>\n<link rel=\"canonical\" href=\"https:\/\/www.bec-handball.fr\/BEC\/don\/\" \/>\n<meta property=\"og:locale\" content=\"fr_FR\" \/>\n<meta property=\"og:type\" content=\"article\" \/>\n<meta property=\"og:title\" content=\"Faire un don - BEC-HANDBALL\" \/>\n<meta property=\"og:description\" content=\"Actualit\u00e9s de la section HANDBALL du BEC (Bordeaux \u00c9tudiants Club) La section handball du BEC (Bordeaux \u00c9tudiants Club) est l&#039;une des plus ancienne. \u00a0Elle a \u00e9t\u00e9 cr\u00e9\u00e9 par Nelson Paillou ancien pr\u00e9sident du CIO. \u00a0Nous avons un palmar\u00e8s \u00e9loquent : * 3 titres de championne de France, * 7 coupes d&#039;Europe, * 2 titres de coupe de France Venez participer \u00e0 nos prochains exploits\" \/>\n<meta property=\"og:url\" content=\"https:\/\/www.bec-handball.fr\/BEC\/don\/\" \/>\n<meta property=\"og:site_name\" content=\"BEC-HANDBALL\" \/>\n<meta property=\"article:publisher\" content=\"https:\/\/www.facebook.com\/BordeauxEtudiantsClubHandball\" \/>\n<meta property=\"article:modified_time\" content=\"2026-02-18T16:33:26+00:00\" \/>\n<meta name=\"twitter:card\" content=\"summary_large_image\" \/>\n<meta name=\"twitter:site\" content=\"@BECHandBall\" \/>\n<meta name=\"twitter:label1\" content=\"Dur\u00e9e de lecture estim\u00e9e\" \/>\n\t<meta name=\"twitter:data1\" content=\"2 minutes\" \/>\n<script type=\"application\/ld+json\" class=\"yoast-schema-graph\">{\"@context\":\"https:\\\/\\\/schema.org\",\"@graph\":[{\"@type\":\"WebPage\",\"@id\":\"https:\\\/\\\/www.bec-handball.fr\\\/BEC\\\/don\\\/\",\"url\":\"https:\\\/\\\/www.bec-handball.fr\\\/BEC\\\/don\\\/\",\"name\":\"Faire un don - BEC-HANDBALL\",\"isPartOf\":{\"@id\":\"https:\\\/\\\/www.bec-handball.fr\\\/BEC\\\/#website\"},\"datePublished\":\"2026-02-18T14:33:05+00:00\",\"dateModified\":\"2026-02-18T16:33:26+00:00\",\"description\":\"Actualit\u00e9s de la section HANDBALL du BEC (Bordeaux \u00c9tudiants Club) La section handball du BEC (Bordeaux \u00c9tudiants Club) est l'une des plus ancienne. \u00a0Elle a \u00e9t\u00e9 cr\u00e9\u00e9 par Nelson Paillou ancien pr\u00e9sident du CIO. \u00a0Nous avons un palmar\u00e8s \u00e9loquent : * 3 titres de championne de France, * 7 coupes d'Europe, * 2 titres de coupe de France Venez participer \u00e0 nos prochains exploits\",\"breadcrumb\":{\"@id\":\"https:\\\/\\\/www.bec-handball.fr\\\/BEC\\\/don\\\/#breadcrumb\"},\"inLanguage\":\"fr-FR\",\"potentialAction\":[{\"@type\":\"ReadAction\",\"target\":[\"https:\\\/\\\/www.bec-handball.fr\\\/BEC\\\/don\\\/\"]}]},{\"@type\":\"BreadcrumbList\",\"@id\":\"https:\\\/\\\/www.bec-handball.fr\\\/BEC\\\/don\\\/#breadcrumb\",\"itemListElement\":[{\"@type\":\"ListItem\",\"position\":1,\"name\":\"Accueil\",\"item\":\"https:\\\/\\\/www.bec-handball.fr\\\/BEC\\\/\"},{\"@type\":\"ListItem\",\"position\":2,\"name\":\"Faire un don\"}]},{\"@type\":\"WebSite\",\"@id\":\"https:\\\/\\\/www.bec-handball.fr\\\/BEC\\\/#website\",\"url\":\"https:\\\/\\\/www.bec-handball.fr\\\/BEC\\\/\",\"name\":\"BEC-HANDBALL\",\"description\":\"\",\"publisher\":{\"@id\":\"https:\\\/\\\/www.bec-handball.fr\\\/BEC\\\/#organization\"},\"potentialAction\":[{\"@type\":\"SearchAction\",\"target\":{\"@type\":\"EntryPoint\",\"urlTemplate\":\"https:\\\/\\\/www.bec-handball.fr\\\/BEC\\\/?s={search_term_string}\"},\"query-input\":{\"@type\":\"PropertyValueSpecification\",\"valueRequired\":true,\"valueName\":\"search_term_string\"}}],\"inLanguage\":\"fr-FR\"},{\"@type\":\"Organization\",\"@id\":\"https:\\\/\\\/www.bec-handball.fr\\\/BEC\\\/#organization\",\"name\":\"BEC-HANDBALL\",\"url\":\"https:\\\/\\\/www.bec-handball.fr\\\/BEC\\\/\",\"logo\":{\"@type\":\"ImageObject\",\"inLanguage\":\"fr-FR\",\"@id\":\"https:\\\/\\\/www.bec-handball.fr\\\/BEC\\\/#\\\/schema\\\/logo\\\/image\\\/\",\"url\":\"https:\\\/\\\/www.bec-handball.fr\\\/BEC\\\/wp-content\\\/uploads\\\/2023\\\/07\\\/cropped-LOGO-BEC-CARRE-WEB.png\",\"contentUrl\":\"https:\\\/\\\/www.bec-handball.fr\\\/BEC\\\/wp-content\\\/uploads\\\/2023\\\/07\\\/cropped-LOGO-BEC-CARRE-WEB.png\",\"width\":512,\"height\":512,\"caption\":\"BEC-HANDBALL\"},\"image\":{\"@id\":\"https:\\\/\\\/www.bec-handball.fr\\\/BEC\\\/#\\\/schema\\\/logo\\\/image\\\/\"},\"sameAs\":[\"https:\\\/\\\/www.facebook.com\\\/BordeauxEtudiantsClubHandball\",\"https:\\\/\\\/x.com\\\/BECHandBall\",\"https:\\\/\\\/www.instagram.com\\\/bechandball\\\/\"]}]}<\/script>\n<!-- \/ Yoast SEO plugin. -->","yoast_head_json":{"title":"Faire un don - BEC-HANDBALL","description":"Actualit\u00e9s de la section HANDBALL du BEC (Bordeaux \u00c9tudiants Club) La section handball du BEC (Bordeaux \u00c9tudiants Club) est l'une des plus ancienne. \u00a0Elle a \u00e9t\u00e9 cr\u00e9\u00e9 par Nelson Paillou ancien pr\u00e9sident du CIO. \u00a0Nous avons un palmar\u00e8s \u00e9loquent : * 3 titres de championne de France, * 7 coupes d'Europe, * 2 titres de coupe de France Venez participer \u00e0 nos prochains exploits","robots":{"index":"index","follow":"follow","max-snippet":"max-snippet:-1","max-image-preview":"max-image-preview:large","max-video-preview":"max-video-preview:-1"},"canonical":"https:\/\/www.bec-handball.fr\/BEC\/don\/","og_locale":"fr_FR","og_type":"article","og_title":"Faire un don - BEC-HANDBALL","og_description":"Actualit\u00e9s de la section HANDBALL du BEC (Bordeaux \u00c9tudiants Club) La section handball du BEC (Bordeaux \u00c9tudiants Club) est l'une des plus ancienne. \u00a0Elle a \u00e9t\u00e9 cr\u00e9\u00e9 par Nelson Paillou ancien pr\u00e9sident du CIO. \u00a0Nous avons un palmar\u00e8s \u00e9loquent : * 3 titres de championne de France, * 7 coupes d'Europe, * 2 titres de coupe de France Venez participer \u00e0 nos prochains exploits","og_url":"https:\/\/www.bec-handball.fr\/BEC\/don\/","og_site_name":"BEC-HANDBALL","article_publisher":"https:\/\/www.facebook.com\/BordeauxEtudiantsClubHandball","article_modified_time":"2026-02-18T16:33:26+00:00","twitter_card":"summary_large_image","twitter_site":"@BECHandBall","twitter_misc":{"Dur\u00e9e de lecture estim\u00e9e":"2 minutes"},"schema":{"@context":"https:\/\/schema.org","@graph":[{"@type":"WebPage","@id":"https:\/\/www.bec-handball.fr\/BEC\/don\/","url":"https:\/\/www.bec-handball.fr\/BEC\/don\/","name":"Faire un don - BEC-HANDBALL","isPartOf":{"@id":"https:\/\/www.bec-handball.fr\/BEC\/#website"},"datePublished":"2026-02-18T14:33:05+00:00","dateModified":"2026-02-18T16:33:26+00:00","description":"Actualit\u00e9s de la section HANDBALL du BEC (Bordeaux \u00c9tudiants Club) La section handball du BEC (Bordeaux \u00c9tudiants Club) est l'une des plus ancienne. \u00a0Elle a \u00e9t\u00e9 cr\u00e9\u00e9 par Nelson Paillou ancien pr\u00e9sident du CIO. \u00a0Nous avons un palmar\u00e8s \u00e9loquent : * 3 titres de championne de France, * 7 coupes d'Europe, * 2 titres de coupe de France Venez participer \u00e0 nos prochains exploits","breadcrumb":{"@id":"https:\/\/www.bec-handball.fr\/BEC\/don\/#breadcrumb"},"inLanguage":"fr-FR","potentialAction":[{"@type":"ReadAction","target":["https:\/\/www.bec-handball.fr\/BEC\/don\/"]}]},{"@type":"BreadcrumbList","@id":"https:\/\/www.bec-handball.fr\/BEC\/don\/#breadcrumb","itemListElement":[{"@type":"ListItem","position":1,"name":"Accueil","item":"https:\/\/www.bec-handball.fr\/BEC\/"},{"@type":"ListItem","position":2,"name":"Faire un don"}]},{"@type":"WebSite","@id":"https:\/\/www.bec-handball.fr\/BEC\/#website","url":"https:\/\/www.bec-handball.fr\/BEC\/","name":"BEC-HANDBALL","description":"","publisher":{"@id":"https:\/\/www.bec-handball.fr\/BEC\/#organization"},"potentialAction":[{"@type":"SearchAction","target":{"@type":"EntryPoint","urlTemplate":"https:\/\/www.bec-handball.fr\/BEC\/?s={search_term_string}"},"query-input":{"@type":"PropertyValueSpecification","valueRequired":true,"valueName":"search_term_string"}}],"inLanguage":"fr-FR"},{"@type":"Organization","@id":"https:\/\/www.bec-handball.fr\/BEC\/#organization","name":"BEC-HANDBALL","url":"https:\/\/www.bec-handball.fr\/BEC\/","logo":{"@type":"ImageObject","inLanguage":"fr-FR","@id":"https:\/\/www.bec-handball.fr\/BEC\/#\/schema\/logo\/image\/","url":"https:\/\/www.bec-handball.fr\/BEC\/wp-content\/uploads\/2023\/07\/cropped-LOGO-BEC-CARRE-WEB.png","contentUrl":"https:\/\/www.bec-handball.fr\/BEC\/wp-content\/uploads\/2023\/07\/cropped-LOGO-BEC-CARRE-WEB.png","width":512,"height":512,"caption":"BEC-HANDBALL"},"image":{"@id":"https:\/\/www.bec-handball.fr\/BEC\/#\/schema\/logo\/image\/"},"sameAs":["https:\/\/www.facebook.com\/BordeauxEtudiantsClubHandball","https:\/\/x.com\/BECHandBall","https:\/\/www.instagram.com\/bechandball\/"]}]}},"_links":{"self":[{"href":"https:\/\/www.bec-handball.fr\/BEC\/wp-json\/wp\/v2\/pages\/9266","targetHints":{"allow":["GET"]}}],"collection":[{"href":"https:\/\/www.bec-handball.fr\/BEC\/wp-json\/wp\/v2\/pages"}],"about":[{"href":"https:\/\/www.bec-handball.fr\/BEC\/wp-json\/wp\/v2\/types\/page"}],"author":[{"embeddable":true,"href":"https:\/\/www.bec-handball.fr\/BEC\/wp-json\/wp\/v2\/users\/25"}],"replies":[{"embeddable":true,"href":"https:\/\/www.bec-handball.fr\/BEC\/wp-json\/wp\/v2\/comments?post=9266"}],"version-history":[{"count":9,"href":"https:\/\/www.bec-handball.fr\/BEC\/wp-json\/wp\/v2\/pages\/9266\/revisions"}],"predecessor-version":[{"id":9302,"href":"https:\/\/www.bec-handball.fr\/BEC\/wp-json\/wp\/v2\/pages\/9266\/revisions\/9302"}],"wp:attachment":[{"href":"https:\/\/www.bec-handball.fr\/BEC\/wp-json\/wp\/v2\/media?parent=9266"}],"curies":[{"name":"wp","href":"https:\/\/api.w.org\/{rel}","templated":true}]}}