{"id":163,"date":"2014-08-19T09:56:09","date_gmt":"2014-08-19T08:56:09","guid":{"rendered":"http:\/\/www.emmafrouin.com\/wordpressbec\/wordpress\/?page_id=163"},"modified":"2026-02-23T01:55:08","modified_gmt":"2026-02-23T00:55:08","slug":"15f","status":"publish","type":"page","link":"https:\/\/www.bec-handball.fr\/BEC\/15f\/","title":{"rendered":"-15 Filles"},"content":{"rendered":"<div id='full_slider_1'  class='avia-fullwidth-slider main_color avia-shadow   avia-builder-el-0  el_before_av_one_third  avia-builder-el-first   container_wrap fullsize' style=' '  ><div   data-size='featured'  data-lightbox_size='large'  data-animation='slide'  data-conditional_play=''  data-ids='9375'  data-video_counter='0'  data-autoplay='true'  data-bg_slider='false'  data-slide_height=''  data-handle='av_slideshow_full'  data-interval='5'  data-class=' '  data-el_id=''  data-css_id=''  data-scroll_down=''  data-control_layout='av-control-default'  data-custom_markup=''  data-perma_caption=''  data-autoplay_stopper=''  data-image_attachment=''  data-min_height='0px'  data-lazy_loading='disabled'  data-src=''  data-position='top left'  data-repeat='no-repeat'  data-attach='scroll'  data-stretch=''  data-default-height='28.666666666667'  class='avia-slideshow avia-slideshow-1  av-control-default av-default-height-applied avia-slideshow-featured av_slideshow_full   avia-slide-slider '  itemprop=\"image\" itemscope=\"itemscope\" itemtype=\"https:\/\/schema.org\/ImageObject\" ><ul class='avia-slideshow-inner ' style='padding-bottom: 28.666666666667%;' ><li  class=' av-single-slide slide-1 ' ><div data-rel='slideshow-1' class='avia-slide-wrap '   ><div class = \"caption_fullwidth av-slideshow-caption caption_bottom caption_bottom_framed caption_framed\"><div class = \"container caption_container\"><div class = \"slideshow_caption\"><div class = \"slideshow_inner_caption\"><div class = \"slideshow_align_caption\"><h2  style='font-size:10px; ' class='avia-caption-title   av-medium-font-size-overwrite av-medium-font-size-10 av-small-font-size-overwrite av-small-font-size-10 av-mini-font-size-overwrite av-mini-font-size-10'  itemprop=\"name\" >Saison 2022-2023<\/h2><\/div><\/div><\/div><\/div><\/div><img decoding=\"async\" class=\"wp-image-9375 avia-img-lazy-loading-not-9375\"  src=\"https:\/\/www.bec-handball.fr\/BEC\/wp-content\/uploads\/2026\/02\/2022-2023-15F.png\" width=\"1500\" height=\"430\" title='2022-2023 -15F' alt=''  itemprop=\"thumbnailUrl\" srcset=\"https:\/\/www.bec-handball.fr\/BEC\/wp-content\/uploads\/2026\/02\/2022-2023-15F.png 1500w, https:\/\/www.bec-handball.fr\/BEC\/wp-content\/uploads\/2026\/02\/2022-2023-15F-300x86.png 300w, https:\/\/www.bec-handball.fr\/BEC\/wp-content\/uploads\/2026\/02\/2022-2023-15F-1030x295.png 1030w, https:\/\/www.bec-handball.fr\/BEC\/wp-content\/uploads\/2026\/02\/2022-2023-15F-768x220.png 768w, https:\/\/www.bec-handball.fr\/BEC\/wp-content\/uploads\/2026\/02\/2022-2023-15F-705x202.png 705w\" sizes=\"(max-width: 1500px) 100vw, 1500px\" \/><\/div><\/li><\/ul><\/div><\/div><div id='after_full_slider_1'  class='main_color av_default_container_wrap container_wrap fullsize' style=' '  ><div class='container' ><div class='template-page content  av-content-full alpha units'><div class='post-entry post-entry-type-page post-entry-163'><div class='entry-content-wrapper clearfix'>\n<div class=\"flex_column av_one_third  flex_column_div av-zero-column-padding first  avia-builder-el-1  el_after_av_slideshow_full  el_before_av_two_third  avia-builder-el-first  \" style='border-radius:0px; '><p><section  class='avia-team-member   avia-builder-el-2  el_before_av_team_member  avia-builder-el-first '  itemscope=\"itemscope\" itemtype=\"https:\/\/schema.org\/Person\" ><h3 class='team-member-name'    itemprop=\"name\" ><\/p>\n<p><center>en cours\u202d\u202c<\/center><\/h3><div class='team-member-job-title '   itemprop=\"jobTitle\" ><\/p>\n<p><center>Entra\u00eeneur<\/center><\/div><span class='hidden team-member-affiliation'  itemprop=\"affiliation\" >BEC-HANDBALL<\/span><\/section><br \/>\n<section  class='avia-team-member   avia-builder-el-3  el_after_av_team_member  avia-builder-el-last '  itemscope=\"itemscope\" itemtype=\"https:\/\/schema.org\/Person\" ><h3 class='team-member-name'    itemprop=\"name\" ><\/p>\n<p><center>Guilhem BENHAROUN<\/center><\/h3><div class='team-member-job-title '   itemprop=\"jobTitle\" ><\/p>\n<p><center>Contact<\/center><\/div><div class='team-member-description '  itemprop=\"description\"  ><p><center>06.63.62.09.95<\/center><\/p>\n<\/div><span class='hidden team-member-affiliation'  itemprop=\"affiliation\" >BEC-HANDBALL<\/span><\/section><\/p><\/div>\n<div class=\"flex_column av_two_third  flex_column_div av-zero-column-padding   avia-builder-el-4  el_after_av_one_third  el_before_av_hr  \" style='border-radius:0px; '><section class=\"av_textblock_section \"  itemscope=\"itemscope\" itemtype=\"https:\/\/schema.org\/CreativeWork\" ><div class='avia_textblock  '   itemprop=\"text\" ><p><strong>Horaires des entra\u00eenements 2025\/2026<\/strong><\/p>\n<ul>\n<li><strong>Mercredi<\/strong> 16h30 &#8211; 18h00, Salle NELSON PAILLOU<\/li>\n<li><strong>Jeudi<\/strong> 17h30 &#8211; 19h00, Salle NELSON PAILLOU<\/li>\n<\/ul>\n<p><em>Joueuses n\u00e9es en\u00a0 2011 et 2012<\/em><\/p>\n<\/div><\/section><\/div>\n<div   class='hr hr-default   avia-builder-el-6  el_after_av_two_third  el_before_av_blog '><span class='hr-inner ' ><span class='hr-inner-style'><\/span><\/span><\/div>\n<div   data-autoplay=''  data-interval='5'  data-animation='fade'  data-show_slide_delay='90'  class='avia-content-slider avia-content-grid-active avia-content-slider1 avia-content-slider-odd  avia-builder-el-7  el_after_av_hr  avia-builder-el-last  '  itemscope=\"itemscope\" itemtype=\"https:\/\/schema.org\/Blog\" ><div class='avia-content-slider-inner'><div class='slide-entry-wrap'><article class='slide-entry flex_column  post-entry post-entry-8139 slide-entry-overview slide-loop-1 slide-parity-odd  av_one_third first real-thumbnail post-format-standard'  itemscope=\"itemscope\" itemtype=\"https:\/\/schema.org\/CreativeWork\" ><a href='https:\/\/www.bec-handball.fr\/BEC\/renouvellement-le-passsport-allocation-rentree-sportive-de-50-euros-3-3\/' data-rel='slide-1' class='slide-image' title='INFO : Le Pass\u2019Sport &#8211; allocation rentr\u00e9e sportive de 50 euros'><img decoding=\"async\" width=\"495\" height=\"400\" src=\"https:\/\/www.bec-handball.fr\/BEC\/wp-content\/uploads\/2023\/09\/PassSport2022VisuelTV_2eDegre-495x400.png\" class=\"wp-image-8140 avia-img-lazy-loading-not-8140 attachment-portfolio size-portfolio wp-post-image\" alt=\"\" srcset=\"https:\/\/www.bec-handball.fr\/BEC\/wp-content\/uploads\/2023\/09\/PassSport2022VisuelTV_2eDegre-495x400.png 495w, https:\/\/www.bec-handball.fr\/BEC\/wp-content\/uploads\/2023\/09\/PassSport2022VisuelTV_2eDegre-845x684.png 845w\" sizes=\"(max-width: 495px) 100vw, 495px\" \/><\/a><div class='slide-content'><header class=\"entry-content-header\"><span class=\"blog-categories minor-meta\"><a href=\"https:\/\/www.bec-handball.fr\/BEC\/category\/11-mixte\/\" rel=\"tag\">-11-mixte<\/a>, <a href=\"https:\/\/www.bec-handball.fr\/BEC\/category\/13-filles\/\" rel=\"tag\">-13 Filles<\/a>, <a href=\"https:\/\/www.bec-handball.fr\/BEC\/category\/13-garcons\/\" rel=\"tag\">-13 Gar\u00e7ons<\/a>, <a href=\"https:\/\/www.bec-handball.fr\/BEC\/category\/15-filles\/\" rel=\"tag\">-15 Filles<\/a>, <a href=\"https:\/\/www.bec-handball.fr\/BEC\/category\/15-garcons\/\" rel=\"tag\">-15 Gar\u00e7ons<\/a>, <a href=\"https:\/\/www.bec-handball.fr\/BEC\/category\/18-filles\/\" rel=\"tag\">-18 Filles<\/a>, <a href=\"https:\/\/www.bec-handball.fr\/BEC\/category\/18-garcons\/\" rel=\"tag\">-18 Gar\u00e7ons<\/a>, <a href=\"https:\/\/www.bec-handball.fr\/BEC\/category\/ecole-de-hand\/\" rel=\"tag\">Ecole de Hand<\/a> <\/span><h3 class='slide-entry-title entry-title '  itemprop=\"headline\" ><a href='https:\/\/www.bec-handball.fr\/BEC\/renouvellement-le-passsport-allocation-rentree-sportive-de-50-euros-3-3\/' title='INFO : Le Pass\u2019Sport &#8211; allocation rentr\u00e9e sportive de 50 euros'>INFO : Le Pass\u2019Sport &#8211; allocation rentr\u00e9e sportive de 50 euros<\/a><\/h3><span class=\"av-vertical-delimiter\"><\/span><\/header><div class='slide-entry-excerpt entry-content'  itemprop=\"text\" >Le Pass\u2019Sport revient pour la saison 2023-2024 !\r\nLe Pass'sport est une\u00a0 allocation de rentr\u00e9e sportive de 50 euros par enfant pour financer tout ou partie de son inscription dans une association sportive volontaire et lui permettre de participer\u2026<\/div><\/div><footer class=\"entry-footer\"><div class='slide-meta'><time class='slide-meta-time updated'  itemprop=\"datePublished\" datetime=\"2023-09-03T09:56:21+02:00\" >3 septembre 2023<\/time><\/div><\/footer><span class='hidden'>\n\t\t\t\t<span class='av-structured-data'  itemprop=\"image\" itemscope=\"itemscope\" itemtype=\"https:\/\/schema.org\/ImageObject\" >\n\t\t\t\t\t\t<span itemprop='url'>https:\/\/www.bec-handball.fr\/BEC\/wp-content\/uploads\/2023\/09\/PassSport2022VisuelTV_2eDegre.png<\/span>\n\t\t\t\t\t\t<span itemprop='height'>1080<\/span>\n\t\t\t\t\t\t<span itemprop='width'>1920<\/span>\n\t\t\t\t<\/span>\n\t\t\t\t<span class='av-structured-data'  itemprop=\"publisher\" itemtype=\"https:\/\/schema.org\/Organization\" itemscope=\"itemscope\" >\n\t\t\t\t\t\t<span itemprop='name'>Emilie Serf<\/span>\n\t\t\t\t\t\t<span itemprop='logo' itemscope itemtype='https:\/\/schema.org\/ImageObject'>\n\t\t\t\t\t\t\t<span itemprop='url'>https:\/\/www.bec-handball.fr\/BEC\/wp-content\/uploads\/2026\/02\/Logo-BEC-HANDBALL-RB-transparent-258x300.png<\/span>\n\t\t\t\t\t\t <\/span>\n\t\t\t\t<\/span><span class='av-structured-data'  itemprop=\"author\" itemscope=\"itemscope\" itemtype=\"https:\/\/schema.org\/Person\" ><span itemprop='name'>Emilie Serf<\/span><\/span><span class='av-structured-data'  itemprop=\"datePublished\" datetime=\"2014-08-19T09:56:09+02:00\" >2023-09-03 09:56:21<\/span><span class='av-structured-data'  itemprop=\"dateModified\" itemtype=\"https:\/\/schema.org\/dateModified\" >2026-03-23 17:15:51<\/span><span class='av-structured-data'  itemprop=\"mainEntityOfPage\" itemtype=\"https:\/\/schema.org\/mainEntityOfPage\" ><span itemprop='name'>INFO : Le Pass\u2019Sport &#8211; allocation rentr\u00e9e sportive de 50 euros<\/span><\/span><\/span><\/article><article class='slide-entry flex_column  post-entry post-entry-7986 slide-entry-overview slide-loop-2 slide-parity-even  post-entry-last  av_one_third  real-thumbnail post-format-standard'  itemscope=\"itemscope\" itemtype=\"https:\/\/schema.org\/CreativeWork\" ><a href='https:\/\/www.bec-handball.fr\/BEC\/u15f-une-belle-photo-dequipe-pour-une-belle-victoire\/' data-rel='slide-1' class='slide-image' title='[U15F]: Une belle photo d&rsquo;\u00e9quipe pour une belle victoire !'><img decoding=\"async\" width=\"495\" height=\"400\" src=\"https:\/\/www.bec-handball.fr\/BEC\/wp-content\/uploads\/2022\/11\/1668356515187-495x400.jpg\" class=\"wp-image-7984 avia-img-lazy-loading-not-7984 attachment-portfolio size-portfolio wp-post-image\" alt=\"\" \/><\/a><div class='slide-content'><header class=\"entry-content-header\"><span class=\"blog-categories minor-meta\"><a href=\"https:\/\/www.bec-handball.fr\/BEC\/category\/15-filles\/\" rel=\"tag\">-15 Filles<\/a>, <a href=\"https:\/\/www.bec-handball.fr\/BEC\/category\/informations\/\" rel=\"tag\">Informations<\/a>, <a href=\"https:\/\/www.bec-handball.fr\/BEC\/category\/photos-2021-2022\/\" rel=\"tag\">Photos 2021-2022<\/a> <\/span><h3 class='slide-entry-title entry-title '  itemprop=\"headline\" ><a href='https:\/\/www.bec-handball.fr\/BEC\/u15f-une-belle-photo-dequipe-pour-une-belle-victoire\/' title='[U15F]: Une belle photo d&rsquo;\u00e9quipe pour une belle victoire !'>[U15F]: Une belle photo d&rsquo;\u00e9quipe pour une belle victoire !<\/a><\/h3><span class=\"av-vertical-delimiter\"><\/span><\/header><div class='slide-entry-excerpt entry-content'  itemprop=\"text\" >\r\nSamedi 12 novembre, notre \u00e9quipe U15F s'est impos\u00e9e sur le fil 13 \u00e0 12 face \u00e0 St M\u00e9dard d'Eyrans.\r\nUne magnifique photo pour immortaliser cette victoire.\r\n\r\nBRAVO LES FILLES !<\/div><\/div><footer class=\"entry-footer\"><div class='slide-meta'><time class='slide-meta-time updated'  itemprop=\"datePublished\" datetime=\"2022-11-13T17:30:09+01:00\" >13 novembre 2022<\/time><\/div><\/footer><span class='hidden'>\n\t\t\t\t<span class='av-structured-data'  itemprop=\"image\" itemscope=\"itemscope\" itemtype=\"https:\/\/schema.org\/ImageObject\" >\n\t\t\t\t\t\t<span itemprop='url'>https:\/\/www.bec-handball.fr\/BEC\/wp-content\/uploads\/2022\/11\/1668356515187.jpg<\/span>\n\t\t\t\t\t\t<span itemprop='height'>576<\/span>\n\t\t\t\t\t\t<span itemprop='width'>1024<\/span>\n\t\t\t\t<\/span>\n\t\t\t\t<span class='av-structured-data'  itemprop=\"publisher\" itemtype=\"https:\/\/schema.org\/Organization\" itemscope=\"itemscope\" >\n\t\t\t\t\t\t<span itemprop='name'>Emilie Serf<\/span>\n\t\t\t\t\t\t<span itemprop='logo' itemscope itemtype='https:\/\/schema.org\/ImageObject'>\n\t\t\t\t\t\t\t<span itemprop='url'>https:\/\/www.bec-handball.fr\/BEC\/wp-content\/uploads\/2026\/02\/Logo-BEC-HANDBALL-RB-transparent-258x300.png<\/span>\n\t\t\t\t\t\t <\/span>\n\t\t\t\t<\/span><span class='av-structured-data'  itemprop=\"author\" itemscope=\"itemscope\" itemtype=\"https:\/\/schema.org\/Person\" ><span itemprop='name'>Emilie Serf<\/span><\/span><span class='av-structured-data'  itemprop=\"datePublished\" datetime=\"2014-08-19T09:56:09+02:00\" >2022-11-13 17:30:09<\/span><span class='av-structured-data'  itemprop=\"dateModified\" itemtype=\"https:\/\/schema.org\/dateModified\" >2025-10-15 03:51:04<\/span><span class='av-structured-data'  itemprop=\"mainEntityOfPage\" itemtype=\"https:\/\/schema.org\/mainEntityOfPage\" ><span itemprop='name'>[U15F]: Une belle photo d&rsquo;\u00e9quipe pour une belle victoire !<\/span><\/span><\/span><\/article><\/div><\/div><\/div>\n","protected":false},"excerpt":{"rendered":"","protected":false},"author":1,"featured_media":0,"parent":0,"menu_order":25,"comment_status":"open","ping_status":"closed","template":"","meta":{"footnotes":""},"class_list":["post-163","page","type-page","status-publish","hentry"],"yoast_head":"<!-- This site is optimized with the Yoast SEO plugin v27.5 - https:\/\/yoast.com\/product\/yoast-seo-wordpress\/ -->\n<title>-15 Filles - BEC-HANDBALL<\/title>\n<meta name=\"description\" content=\"Equipe -15 Filles de la section Handball du Bordeaux \u00e9tudiants Club (BEC)\" \/>\n<meta name=\"robots\" content=\"index, follow, max-snippet:-1, max-image-preview:large, max-video-preview:-1\" \/>\n<link rel=\"canonical\" href=\"https:\/\/www.bec-handball.fr\/BEC\/15f\/\" \/>\n<meta property=\"og:locale\" content=\"fr_FR\" \/>\n<meta property=\"og:type\" content=\"article\" \/>\n<meta property=\"og:title\" content=\"-15 Filles - BEC-HANDBALL\" \/>\n<meta property=\"og:description\" content=\"Equipe -15 Filles de la section Handball du Bordeaux \u00e9tudiants Club (BEC)\" \/>\n<meta property=\"og:url\" content=\"https:\/\/www.bec-handball.fr\/BEC\/15f\/\" \/>\n<meta property=\"og:site_name\" content=\"BEC-HANDBALL\" \/>\n<meta property=\"article:publisher\" content=\"https:\/\/www.facebook.com\/BordeauxEtudiantsClubHandball\" \/>\n<meta property=\"article:modified_time\" content=\"2026-02-23T00:55:08+00:00\" \/>\n<meta name=\"twitter:card\" content=\"summary_large_image\" \/>\n<meta name=\"twitter:site\" content=\"@BECHandBall\" \/>\n<meta name=\"twitter:label1\" content=\"Dur\u00e9e de lecture estim\u00e9e\" \/>\n\t<meta name=\"twitter:data1\" content=\"2 minutes\" \/>\n<script type=\"application\/ld+json\" class=\"yoast-schema-graph\">{\"@context\":\"https:\\\/\\\/schema.org\",\"@graph\":[{\"@type\":\"WebPage\",\"@id\":\"https:\\\/\\\/www.bec-handball.fr\\\/BEC\\\/15f\\\/\",\"url\":\"https:\\\/\\\/www.bec-handball.fr\\\/BEC\\\/15f\\\/\",\"name\":\"-15 Filles - BEC-HANDBALL\",\"isPartOf\":{\"@id\":\"https:\\\/\\\/www.bec-handball.fr\\\/BEC\\\/#website\"},\"datePublished\":\"2014-08-19T08:56:09+00:00\",\"dateModified\":\"2026-02-23T00:55:08+00:00\",\"description\":\"Equipe -15 Filles de la section Handball du Bordeaux \u00e9tudiants Club (BEC)\",\"breadcrumb\":{\"@id\":\"https:\\\/\\\/www.bec-handball.fr\\\/BEC\\\/15f\\\/#breadcrumb\"},\"inLanguage\":\"fr-FR\",\"potentialAction\":[{\"@type\":\"ReadAction\",\"target\":[\"https:\\\/\\\/www.bec-handball.fr\\\/BEC\\\/15f\\\/\"]}]},{\"@type\":\"BreadcrumbList\",\"@id\":\"https:\\\/\\\/www.bec-handball.fr\\\/BEC\\\/15f\\\/#breadcrumb\",\"itemListElement\":[{\"@type\":\"ListItem\",\"position\":1,\"name\":\"Accueil\",\"item\":\"https:\\\/\\\/www.bec-handball.fr\\\/BEC\\\/\"},{\"@type\":\"ListItem\",\"position\":2,\"name\":\"-15 Filles\"}]},{\"@type\":\"WebSite\",\"@id\":\"https:\\\/\\\/www.bec-handball.fr\\\/BEC\\\/#website\",\"url\":\"https:\\\/\\\/www.bec-handball.fr\\\/BEC\\\/\",\"name\":\"BEC-HANDBALL\",\"description\":\"\",\"publisher\":{\"@id\":\"https:\\\/\\\/www.bec-handball.fr\\\/BEC\\\/#organization\"},\"potentialAction\":[{\"@type\":\"SearchAction\",\"target\":{\"@type\":\"EntryPoint\",\"urlTemplate\":\"https:\\\/\\\/www.bec-handball.fr\\\/BEC\\\/?s={search_term_string}\"},\"query-input\":{\"@type\":\"PropertyValueSpecification\",\"valueRequired\":true,\"valueName\":\"search_term_string\"}}],\"inLanguage\":\"fr-FR\"},{\"@type\":\"Organization\",\"@id\":\"https:\\\/\\\/www.bec-handball.fr\\\/BEC\\\/#organization\",\"name\":\"BEC-HANDBALL\",\"url\":\"https:\\\/\\\/www.bec-handball.fr\\\/BEC\\\/\",\"logo\":{\"@type\":\"ImageObject\",\"inLanguage\":\"fr-FR\",\"@id\":\"https:\\\/\\\/www.bec-handball.fr\\\/BEC\\\/#\\\/schema\\\/logo\\\/image\\\/\",\"url\":\"https:\\\/\\\/www.bec-handball.fr\\\/BEC\\\/wp-content\\\/uploads\\\/2023\\\/07\\\/cropped-LOGO-BEC-CARRE-WEB.png\",\"contentUrl\":\"https:\\\/\\\/www.bec-handball.fr\\\/BEC\\\/wp-content\\\/uploads\\\/2023\\\/07\\\/cropped-LOGO-BEC-CARRE-WEB.png\",\"width\":512,\"height\":512,\"caption\":\"BEC-HANDBALL\"},\"image\":{\"@id\":\"https:\\\/\\\/www.bec-handball.fr\\\/BEC\\\/#\\\/schema\\\/logo\\\/image\\\/\"},\"sameAs\":[\"https:\\\/\\\/www.facebook.com\\\/BordeauxEtudiantsClubHandball\",\"https:\\\/\\\/x.com\\\/BECHandBall\",\"https:\\\/\\\/www.instagram.com\\\/bechandball\\\/\"]}]}<\/script>\n<!-- \/ Yoast SEO plugin. -->","yoast_head_json":{"title":"-15 Filles - BEC-HANDBALL","description":"Equipe -15 Filles de la section Handball du Bordeaux \u00e9tudiants Club (BEC)","robots":{"index":"index","follow":"follow","max-snippet":"max-snippet:-1","max-image-preview":"max-image-preview:large","max-video-preview":"max-video-preview:-1"},"canonical":"https:\/\/www.bec-handball.fr\/BEC\/15f\/","og_locale":"fr_FR","og_type":"article","og_title":"-15 Filles - BEC-HANDBALL","og_description":"Equipe -15 Filles de la section Handball du Bordeaux \u00e9tudiants Club (BEC)","og_url":"https:\/\/www.bec-handball.fr\/BEC\/15f\/","og_site_name":"BEC-HANDBALL","article_publisher":"https:\/\/www.facebook.com\/BordeauxEtudiantsClubHandball","article_modified_time":"2026-02-23T00:55:08+00:00","twitter_card":"summary_large_image","twitter_site":"@BECHandBall","twitter_misc":{"Dur\u00e9e de lecture estim\u00e9e":"2 minutes"},"schema":{"@context":"https:\/\/schema.org","@graph":[{"@type":"WebPage","@id":"https:\/\/www.bec-handball.fr\/BEC\/15f\/","url":"https:\/\/www.bec-handball.fr\/BEC\/15f\/","name":"-15 Filles - BEC-HANDBALL","isPartOf":{"@id":"https:\/\/www.bec-handball.fr\/BEC\/#website"},"datePublished":"2014-08-19T08:56:09+00:00","dateModified":"2026-02-23T00:55:08+00:00","description":"Equipe -15 Filles de la section Handball du Bordeaux \u00e9tudiants Club (BEC)","breadcrumb":{"@id":"https:\/\/www.bec-handball.fr\/BEC\/15f\/#breadcrumb"},"inLanguage":"fr-FR","potentialAction":[{"@type":"ReadAction","target":["https:\/\/www.bec-handball.fr\/BEC\/15f\/"]}]},{"@type":"BreadcrumbList","@id":"https:\/\/www.bec-handball.fr\/BEC\/15f\/#breadcrumb","itemListElement":[{"@type":"ListItem","position":1,"name":"Accueil","item":"https:\/\/www.bec-handball.fr\/BEC\/"},{"@type":"ListItem","position":2,"name":"-15 Filles"}]},{"@type":"WebSite","@id":"https:\/\/www.bec-handball.fr\/BEC\/#website","url":"https:\/\/www.bec-handball.fr\/BEC\/","name":"BEC-HANDBALL","description":"","publisher":{"@id":"https:\/\/www.bec-handball.fr\/BEC\/#organization"},"potentialAction":[{"@type":"SearchAction","target":{"@type":"EntryPoint","urlTemplate":"https:\/\/www.bec-handball.fr\/BEC\/?s={search_term_string}"},"query-input":{"@type":"PropertyValueSpecification","valueRequired":true,"valueName":"search_term_string"}}],"inLanguage":"fr-FR"},{"@type":"Organization","@id":"https:\/\/www.bec-handball.fr\/BEC\/#organization","name":"BEC-HANDBALL","url":"https:\/\/www.bec-handball.fr\/BEC\/","logo":{"@type":"ImageObject","inLanguage":"fr-FR","@id":"https:\/\/www.bec-handball.fr\/BEC\/#\/schema\/logo\/image\/","url":"https:\/\/www.bec-handball.fr\/BEC\/wp-content\/uploads\/2023\/07\/cropped-LOGO-BEC-CARRE-WEB.png","contentUrl":"https:\/\/www.bec-handball.fr\/BEC\/wp-content\/uploads\/2023\/07\/cropped-LOGO-BEC-CARRE-WEB.png","width":512,"height":512,"caption":"BEC-HANDBALL"},"image":{"@id":"https:\/\/www.bec-handball.fr\/BEC\/#\/schema\/logo\/image\/"},"sameAs":["https:\/\/www.facebook.com\/BordeauxEtudiantsClubHandball","https:\/\/x.com\/BECHandBall","https:\/\/www.instagram.com\/bechandball\/"]}]}},"_links":{"self":[{"href":"https:\/\/www.bec-handball.fr\/BEC\/wp-json\/wp\/v2\/pages\/163","targetHints":{"allow":["GET"]}}],"collection":[{"href":"https:\/\/www.bec-handball.fr\/BEC\/wp-json\/wp\/v2\/pages"}],"about":[{"href":"https:\/\/www.bec-handball.fr\/BEC\/wp-json\/wp\/v2\/types\/page"}],"author":[{"embeddable":true,"href":"https:\/\/www.bec-handball.fr\/BEC\/wp-json\/wp\/v2\/users\/1"}],"replies":[{"embeddable":true,"href":"https:\/\/www.bec-handball.fr\/BEC\/wp-json\/wp\/v2\/comments?post=163"}],"version-history":[{"count":28,"href":"https:\/\/www.bec-handball.fr\/BEC\/wp-json\/wp\/v2\/pages\/163\/revisions"}],"predecessor-version":[{"id":9408,"href":"https:\/\/www.bec-handball.fr\/BEC\/wp-json\/wp\/v2\/pages\/163\/revisions\/9408"}],"wp:attachment":[{"href":"https:\/\/www.bec-handball.fr\/BEC\/wp-json\/wp\/v2\/media?parent=163"}],"curies":[{"name":"wp","href":"https:\/\/api.w.org\/{rel}","templated":true}]}}